ainder when i(b) is divided by z.
8
Suppose 5*s - r - 5 + 1 = 0, -16 = 4*r. Suppose 5*y = -3*n + 385, s = 3*y + 8 + 4. What is the remainder when n is divided by 14?
9
Let z(a) = -1242*a**3 - 95*a**2 - 182*a - 4. What is the remainder when z(-2) is divided by 47?
46
Suppose -2*u = -21 + 33. Calculate the remainder when (-3)/((33/(-2442))/(u/(-4))) is divided by 28.
25
What is the remainder when 102 is divided by 6 + ((-1)/(-2))/((-24)/48)*-36?
18
Let t(y) = 61*y - 1439. Let c be t(25). Let z be ((-22)/4)/((-3)/(-6)). Let b = c + z. What is the remainder when b is divided by 19?
18
Suppose -d + 5*s = -62, -5*d - 2492*s + 2491*s = -544. What is the remainder when d is divided by 1 - (-25 + 2/1)?
11
Suppose -n + 25 = 4*b + 4, n - 36 = b. Suppose 0 = -16*w + 12*w - 36. What is the remainder when n is divided by w/2*(-140)/42?
3
Suppose 4*w - 3*w - 19 = -2*c, 3*w = 9. Calculate the remainder when 267 is divided by c.
3
Let x be (-42)/(-20) + (-44)/440. Suppose 81 = x*q + 9. Calculate the remainder when 69 is divided by q.
33
Let n be (-7 + 3 - -8) + (-15 - 0). Let m(j) = j**2 + 9*j - 5. Let d = -1 - -66. What is the remainder when d is divided by m(n)?
14
Let r(i) = 3*i**2 + 42*i + 74. Calculate the remainder when r(-18) is divided by 93.
11
Let k be 2*(-2)/18 - 128540/(-90). Suppose -j - 5*j + k = 0. Let d = j - 155. What is the remainder when d is divided by 21?
20
Let u be (10/(-8))/(5/20). Suppose 3*q + 5 = -l, -3*q + 7 = -2. Let n = u - l. What is the remainder when n is divided by 3?
0
Let w(x) = -x**3 - 4*x**2 + 4*x. Let k be -5 - -1 - (-2 - 4) - 7. Let z be w(k). Suppose z*n = n + 112. Calculate the remainder when n is divided by 16.
12
Suppose 5*u = l + 1056, -3*u + 2*l - 333 + 961 = 0. Suppose -36*h - 3850 = -106*h. Calculate the remainder when u is divided by h.
47
Let y = -8492 - -8494. What is the remainder when 530 is divided by y?
0
Let s(x) = -x**2 - 73*x - 386. Calculate the remainder when s(-7) is divided by 11.
10
Suppose 4*d + 0*d = 64. Suppose 4*r - d = -4*r. Suppose 5*n - f - 10 = f, -r*f = -3*n + 6. What is the remainder when 2 is divided by n?
0
Let m(i) = -3*i**2 + 17*i + 6. Let k be m(6). Suppose 17 + 8 = -5*x, 2*t + 2*x - 214 = k. Calculate the remainder when t is divided by ((-6)/9)/2*-69.
20
Let z(j) = 40*j + 10034. What is the remainder when z(112) is divided by 76?
74
Let n(l) = -l**3 - 15*l**2 - 7*l - 41. Let o be n(-17). Let j = o - 541. Calculate the remainder when j is divided by 15.
10
Suppose -r + 2*r = 4*n - 199, 31 = n - 4*r. Suppose -3*g = 5*t - 35, -5*g + n = -2*g - 3*t. Calculate the remainder when 66 is divided by g.
6
Let u be (2 + -7 + 4)/(2/(-8)). Suppose t - 3*t - 2 = u*s, 0 = 2*t + 10. Suppose -17 = -s*z + 23. What is the remainder when 78 is divided by z?
18
Suppose -2*x - 7*x = -2421. Let t = 724 + -656. What is the remainder when x is divided by t?
65
Let z(s) = 30*s + 4. Let y be z(3). Let d = y + -44. What is the remainder when d is divided by 232/10 - 11 - (-12)/15?
11
Let q(m) = m**3 - 4*m**2 + m + 9. Suppose -2*o - 4*g - 56 = 2*o, -28 = 2*o - 3*g. Let a = o - -30. Calculate the remainder when a is divided by q(3).
1
Let i = -12384 + 12550. Calculate the remainder when i is divided by 15.
1
Let k(h) = -49*h**3 - 6*h**2 - 14*h + 3. What is the remainder when 1210 is divided by k(-2)?
13
Let b(w) = -3*w**3 + 54*w**2 + 725*w - 22. Suppose 9 = 3*j, -2*t + 9 = j - 16. Let x = -7 + t. Calculate the remainder when b(-9) is divided by x.
2
Suppose 4*y - 156 = 169*f - 168*f, -5*f - 58 = -y. What is the remainder when 848 is divided by y?
12
Let f be (84/(-18) + 4)*(2 + 1). Let n(w) = -2*w**3 + w**2 - 5*w - 4. Calculate the remainder when 89 is divided by n(f).
11
Let f = -45 + 48. Suppose -2*l + f*l = -l. Suppose l = -7*x + 4*x + 198. Calculate the remainder when x is divided by 35.
31
Let l = 23 - 18. Let v(t) = -1 + 0 + 32 + l + t. Calculate the remainder when 69 is divided by v(-17).
12
Let b(a) = 2*a**2 + 6*a - 11. Suppose -17*z - 747 = -14*z. Let f = z - -383. What is the remainder when f is divided by b(4)?
44
Let y = 2377 + -2369. What is the remainder when 181 is divided by y?
5
Let p = -71 + 71. Suppose p = s + 42 - 146. Calculate the remainder when s is divided by 27.
23
Suppose -4*t = 4*n - 80, -10 = -2*t + 3*n + 30. Let b = -12 + 16. What is the remainder when b/((-8)/6) + 76 is divided by t?
13
Calculate the remainder when (-1)/((-1628)/116 - -14) is divided by 10.
9
Let v = -10748 - -10801. Calculate the remainder when 2331 is divided by v.
52
Let s = -2368 + 3247. Calculate the remainder when s is divided by 98.
95
Suppose -4517 = -82*v - 3553 + 5924. What is the remainder when 355 is divided by v?
19
Suppose 0 = 81*a - 69*a - 1716. Calculate the remainder when 565 is divided by a.
136
Suppose 4*r - 34 = o + 5, -2*o + 30 = 4*r. Let n(l) = 7*l**2 - 63*l + 305. Calculate the remainder when n(5) is divided by r.
3
Suppose -469 = -64*v - 213. Calculate the remainder when 3965 is divided by v.
1
Suppose 4*q + 5*u - 15632 = 0, 0 = -0*q + 5*q - u - 19511. What is the remainder when q is divided by 14?
11
Let u(z) = z**2 - 19*z + 73. Let o be (-2 - 13/(-6)) + (-262)/(-12). What is the remainder when u(o) is divided by 10?
9
Suppose 11 = 2*i - 3. Suppose 4*h - 35 + i = 0. Suppose -1 = -b + 3. Calculate the remainder when h is divided by b.
3
Let u = -799 - -867. Let w = u + -41. What is the remainder when 132 is divided by w?
24
Let w = -9538 - -9783. Calculate the remainder when 977 is divided by w.
242
Suppose -5*h = -10, -3*m + 2*h - 2 = -7. Suppose 2*b = -m*y - 88 + 273, 4*y - 3*b = 224. What is the remainder when y is divided by 24?
11
Suppose -v + 0*v + 7 = 2*u, -v + 13 = -u. Suppose 26*m - 1293 + 253 = 0. What is the remainder when m is divided by v?
7
What is the remainder when 45/8*30 + (805/(-92))/(-35) is divided by 59?
51
Suppose 18 = -12*o + 114. Calculate the remainder when 3045 is divided by o.
5
What is the remainder when 186 is divided by 9*(-4)/(-54) - 4/(-12)?
0
Let o(d) = -16*d**3 - 36*d - 74. Calculate the remainder when 181 is divided by o(-2).
55
Let d = 1625 - 1501. Calculate the remainder when d is divided by 47.
30
Let s = -1233 + 1272. What is the remainder when 261 is divided by s?
27
Let m = -3313 + 3335. Calculate the remainder when 182 is divided by m.
6
Suppose 32939*f = 32954*f - 480. What is the remainder when 162 is divided by f?
2
Let v = -6194 + 6201. Suppose 3*r - 5*r = -74. Suppose -v*o + r = -12. Calculate the remainder when 34 is divided by o.
6
Let f be 5/((-455)/(-14)) - (-219)/13. Suppose 27 = -2*x - f. Let y = x + 55. What is the remainder when y is divided by 18?
15
Let h = 8329 - 8310. Suppose 0 = -2*n + 6 + 18. What is the remainder when h is divided by n?
7
Let o = 20125 - 20080. Suppose -3*u + 13 + 23 = 0. Calculate the remainder when o is divided by u.
9
Let v = -14 - 388. Let o(w) = -45*w + 39. Let m be o(7). Let j = m - v. What is the remainder when j is divided by 16?
14
Let x(v) = -159*v**3 - 19*v**2 + 22*v + 44. Calculate the remainder when x(-2) is divided by 7.
6
Suppose 819 = 286*b - 283*b. What is the remainder when b is divided by ((-4)/6)/(1/(-69))?
43
Suppose 12 - 47 = -5*s. What is the remainder when (-28)/((-9)/42 + (-74)/259) is divided by s?
0
Let x(p) = 3*p - 64. Suppose -8*t + 1102 = -194. What is the remainder when t is divided by x(25)?
8
Let h(p) = 2*p**2 - 5*p**2 + 0*p**2 - 55 + 6*p**2 + 3*p. Let w be h(6). Suppose 40 = -66*u + w*u. Calculate the remainder when 15 is divided by u.
7
Calculate the remainder when 1129 is divided by (36/24)/((-12)/(-824)).
99
Suppose 37 = d - 0*d. Suppose v + 7 = 2*l, -3*l = -3*v + 7*v + 39. Let u = d + v. Calculate the remainder when u is divided by 6.
4
Suppose -33*h - 2888 = -109*h - 0*h. Calculate the remainder when h is divided by 10.
8
Suppose 0 = -4*t + 706 + 322. Suppose -809 + t = -12*k. Suppose -k = -13*y + 175. What is the remainder when y is divided by 5?
2
Suppose 5*n + 83 = 293. Let f = n - 43. Calculate the remainder when 6 is divided by ((2/1 - 7) + 2)*f.
0
Let c(j) = j**2 - 5*j - 5. Let n be c(-2). Let d be 60/16 + n/(-12). Suppose -l = -2*v - 9, 49 = d*l - 0*v + 5*v. What is the remainder when l is divided by 7?
6
What is the remainder when 178 is divided by ((-126)/(-15))